{"id":125,"date":"2025-01-16T14:48:30","date_gmt":"2025-01-16T14:48:30","guid":{"rendered":"http:\/\/quimicoszootek.com\/?page_id=125"},"modified":"2025-08-13T19:21:55","modified_gmt":"2025-08-13T19:21:55","slug":"about-us","status":"publish","type":"page","link":"https:\/\/quimicoszootek.com\/?page_id=125","title":{"rendered":"About us"},"content":{"rendered":"\t\t<div data-elementor-type=\"wp-page\" data-elementor-id=\"125\" class=\"elementor elementor-125\">\n\t\t\t\t\t\t<section class=\"elementor-section elementor-top-section elementor-element elementor-element-ba7e181 elementor-section-content-middle elementor-section-boxed elementor-section-height-default elementor-section-height-default\" data-id=\"ba7e181\" data-element_type=\"section\" data-settings=\"{&quot;background_background&quot;:&quot;classic&quot;}\">\n\t\t\t\t\t\t\t<div class=\"elementor-background-overlay\"><\/div>\n\t\t\t\t\t\t\t<div class=\"elementor-container elementor-column-gap-default\">\n\t\t\t\t\t<div class=\"elementor-column elementor-col-100 elementor-top-column elementor-element elementor-element-282e9e0\" data-id=\"282e9e0\" data-element_type=\"column\">\n\t\t\t<div class=\"elementor-widget-wrap elementor-element-populated\">\n\t\t\t\t\t\t<div class=\"elementor-element elementor-element-36c7184 elementor-widget elementor-widget-spacer\" data-id=\"36c7184\" data-element_type=\"widget\" data-widget_type=\"spacer.default\">\n\t\t\t\t<div class=\"elementor-widget-container\">\n\t\t\t<style>\/*! elementor - v3.23.0 - 15-07-2024 *\/\n.elementor-column .elementor-spacer-inner{height:var(--spacer-size)}.e-con{--container-widget-width:100%}.e-con-inner>.elementor-widget-spacer,.e-con>.elementor-widget-spacer{width:var(--container-widget-width,var(--spacer-size));--align-self:var(--container-widget-align-self,initial);--flex-shrink:0}.e-con-inner>.elementor-widget-spacer>.elementor-widget-container,.e-con>.elementor-widget-spacer>.elementor-widget-container{height:100%;width:100%}.e-con-inner>.elementor-widget-spacer>.elementor-widget-container>.elementor-spacer,.e-con>.elementor-widget-spacer>.elementor-widget-container>.elementor-spacer{height:100%}.e-con-inner>.elementor-widget-spacer>.elementor-widget-container>.elementor-spacer>.elementor-spacer-inner,.e-con>.elementor-widget-spacer>.elementor-widget-container>.elementor-spacer>.elementor-spacer-inner{height:var(--container-widget-height,var(--spacer-size))}.e-con-inner>.elementor-widget-spacer.elementor-widget-empty,.e-con>.elementor-widget-spacer.elementor-widget-empty{position:relative;min-height:22px;min-width:22px}.e-con-inner>.elementor-widget-spacer.elementor-widget-empty .elementor-widget-empty-icon,.e-con>.elementor-widget-spacer.elementor-widget-empty .elementor-widget-empty-icon{position:absolute;top:0;bottom:0;left:0;right:0;margin:auto;padding:0;width:22px;height:22px}<\/style>\t\t<div class=\"elementor-spacer\">\n\t\t\t<div class=\"elementor-spacer-inner\"><\/div>\n\t\t<\/div>\n\t\t\t\t<\/div>\n\t\t\t\t<\/div>\n\t\t\t\t<div class=\"elementor-element elementor-element-8121cf7 elementor-widget elementor-widget-image\" data-id=\"8121cf7\" data-element_type=\"widget\" data-widget_type=\"image.default\">\n\t\t\t\t<div class=\"elementor-widget-container\">\n\t\t\t<style>\/*! elementor - v3.23.0 - 15-07-2024 *\/\n.elementor-widget-image{text-align:center}.elementor-widget-image a{display:inline-block}.elementor-widget-image a img[src$=\".svg\"]{width:48px}.elementor-widget-image img{vertical-align:middle;display:inline-block}<\/style>\t\t\t\t\t\t\t\t\t\t<img fetchpriority=\"high\" decoding=\"async\" width=\"800\" height=\"216\" src=\"https:\/\/quimicoszootek.com\/wp-content\/uploads\/2025\/01\/Asset-1.png\" class=\"attachment-large size-large wp-image-39\" alt=\"\" srcset=\"https:\/\/quimicoszootek.com\/wp-content\/uploads\/2025\/01\/Asset-1.png 959w, https:\/\/quimicoszootek.com\/wp-content\/uploads\/2025\/01\/Asset-1-300x81.png 300w, https:\/\/quimicoszootek.com\/wp-content\/uploads\/2025\/01\/Asset-1-768x207.png 768w\" sizes=\"(max-width: 800px) 100vw, 800px\" \/>\t\t\t\t\t\t\t\t\t\t\t\t\t<\/div>\n\t\t\t\t<\/div>\n\t\t\t\t<div class=\"elementor-element elementor-element-c1c4aff elementor-widget elementor-widget-heading\" data-id=\"c1c4aff\" data-element_type=\"widget\" data-widget_type=\"heading.default\">\n\t\t\t\t<div class=\"elementor-widget-container\">\n\t\t\t<style>\/*! elementor - v3.23.0 - 15-07-2024 *\/\n.elementor-heading-title{padding:0;margin:0;line-height:1}.elementor-widget-heading .elementor-heading-title[class*=elementor-size-]>a{color:inherit;font-size:inherit;line-height:inherit}.elementor-widget-heading .elementor-heading-title.elementor-size-small{font-size:15px}.elementor-widget-heading .elementor-heading-title.elementor-size-medium{font-size:19px}.elementor-widget-heading .elementor-heading-title.elementor-size-large{font-size:29px}.elementor-widget-heading .elementor-heading-title.elementor-size-xl{font-size:39px}.elementor-widget-heading .elementor-heading-title.elementor-size-xxl{font-size:59px}<\/style><h2 class=\"elementor-heading-title elementor-size-default\">FILOSOF\u00cdA ORGANIZATIVA<\/h2>\t\t<\/div>\n\t\t\t\t<\/div>\n\t\t\t\t<div class=\"elementor-element elementor-element-13b39e3 elementor-widget elementor-widget-spacer\" data-id=\"13b39e3\" data-element_type=\"widget\" data-widget_type=\"spacer.default\">\n\t\t\t\t<div class=\"elementor-widget-container\">\n\t\t\t\t\t<div class=\"elementor-spacer\">\n\t\t\t<div class=\"elementor-spacer-inner\"><\/div>\n\t\t<\/div>\n\t\t\t\t<\/div>\n\t\t\t\t<\/div>\n\t\t\t\t\t<\/div>\n\t\t<\/div>\n\t\t\t\t\t<\/div>\n\t\t<\/section>\n\t\t\t\t<section class=\"elementor-section elementor-top-section elementor-element elementor-element-2a9a176 elementor-section-full_width elementor-section-height-default elementor-section-height-default\" data-id=\"2a9a176\" data-element_type=\"section\" data-settings=\"{&quot;background_background&quot;:&quot;classic&quot;}\">\n\t\t\t\t\t\t\t<div class=\"elementor-background-overlay\"><\/div>\n\t\t\t\t\t\t\t<div class=\"elementor-container elementor-column-gap-default\">\n\t\t\t\t\t<div class=\"elementor-column elementor-col-100 elementor-top-column elementor-element elementor-element-a811b09\" data-id=\"a811b09\" data-element_type=\"column\">\n\t\t\t<div class=\"elementor-widget-wrap elementor-element-populated\">\n\t\t\t\t\t\t<div class=\"elementor-element elementor-element-b122637 elementor-widget elementor-widget-eael-adv-tabs\" data-id=\"b122637\" data-element_type=\"widget\" data-widget_type=\"eael-adv-tabs.default\">\n\t\t\t\t<div class=\"elementor-widget-container\">\n\t\t\t        <div data-scroll-on-click=\"no\" data-scroll-speed=\"300\" id=\"eael-advance-tabs-b122637\" class=\"eael-advance-tabs eael-tabs-horizontal eael-tab-auto-active \" data-tabid=\"b122637\">\n            <div class=\"eael-tabs-nav\">\n                <ul class=\"eael-tab-inline-icon\" role=\"tablist\">\n                                            <li id=\"misin\" class=\"inactive eael-tab-item-trigger eael-tab-nav-item\" aria-selected=\"true\" data-tab=\"1\" role=\"tab\" tabindex=\"0\" aria-controls=\"misin-tab\" aria-expanded=\"false\">\n                            \n                                                                                                                            \n                                                            <span class=\"eael-tab-title title-after-icon\" >Misi\u00f3n<\/span>                            \n                                                    <\/li>\n                                            <li id=\"visin\" class=\"inactive eael-tab-item-trigger eael-tab-nav-item\" aria-selected=\"false\" data-tab=\"2\" role=\"tab\" tabindex=\"-1\" aria-controls=\"visin-tab\" aria-expanded=\"false\">\n                            \n                                                                                                                            \n                                                            <span class=\"eael-tab-title title-after-icon\" >Visi\u00f3n<\/span>                            \n                                                    <\/li>\n                                            <li id=\"objetivos-de-la-calidad\" class=\"inactive eael-tab-item-trigger eael-tab-nav-item\" aria-selected=\"false\" data-tab=\"3\" role=\"tab\" tabindex=\"-1\" aria-controls=\"objetivos-de-la-calidad-tab\" aria-expanded=\"false\">\n                            \n                                                                                                                            \n                                                            <span class=\"eael-tab-title title-after-icon\" >Objetivos de la Calidad<\/span>                            \n                                                    <\/li>\n                                            <li id=\"poltica-de-la-calidad\" class=\"inactive eael-tab-item-trigger eael-tab-nav-item\" aria-selected=\"false\" data-tab=\"4\" role=\"tab\" tabindex=\"-1\" aria-controls=\"poltica-de-la-calidad-tab\" aria-expanded=\"false\">\n                            \n                                                                                                                            \n                                                            <span class=\"eael-tab-title title-after-icon\" >Pol\u00edtica de la Calidad<\/span>                            \n                                                    <\/li>\n                                            <li id=\"valores\" class=\"inactive eael-tab-item-trigger eael-tab-nav-item\" aria-selected=\"false\" data-tab=\"5\" role=\"tab\" tabindex=\"-1\" aria-controls=\"valores-tab\" aria-expanded=\"false\">\n                            \n                                                                                                                            \n                                                            <span class=\"eael-tab-title title-after-icon\" >Valores<\/span>                            \n                                                    <\/li>\n                                            <li id=\"poltica-de-ssl\" class=\"inactive eael-tab-item-trigger eael-tab-nav-item\" aria-selected=\"false\" data-tab=\"6\" role=\"tab\" tabindex=\"-1\" aria-controls=\"poltica-de-ssl-tab\" aria-expanded=\"false\">\n                            \n                                                                                                                            \n                                                            <span class=\"eael-tab-title title-after-icon\" >Pol\u00edtica de SSL<\/span>                            \n                                                    <\/li>\n                                    <\/ul>\n            <\/div>\n            \n            <div class=\"eael-tabs-content\">\n\t\t        \n                    <div id=\"misin-tab\" class=\"clearfix eael-tab-content-item inactive\" data-title-link=\"misin-tab\">\n\t\t\t\t        <p style=\"text-align: center;\">Desarrollar, elaborar y comercializar aditivos, materias primas y medicinas de alta calidad, destinados a mejorar la salud de los<br \/>animales dom\u00e9sticos. Con un personal altamente motivado al logro, utilizando<br \/>insumos y materias primas de calidad, presentando al mercado productos veterinarios confiables, con asistencia t\u00e9cnica, efectividad terap\u00e9utica y aprecios competitivos.<\/p>                    <\/div>\n\t\t        \n                    <div id=\"visin-tab\" class=\"clearfix eael-tab-content-item inactive\" data-title-link=\"visin-tab\">\n\t\t\t\t        <p style=\"text-align: center;\">Ser en el a\u00f1o 2031 l\u00edder en facturaci\u00f3n de aditivos, medicinas y materias primas para el sector de nutrici\u00f3n animal, desarrollando nuevos mercados orientados a la salud de mascotas en Venezuela, con gente comprometida al cumplimiento de objetivos, despertando responsabilidad ambiental, as\u00ed como mejorando el entorno socioecon\u00f3mico de sus trabajadores y accionistas<\/p>                    <\/div>\n\t\t        \n                    <div id=\"objetivos-de-la-calidad-tab\" class=\"clearfix eael-tab-content-item inactive\" data-title-link=\"objetivos-de-la-calidad-tab\">\n\t\t\t\t        <ul><li>Satisfacer las necesidades y expectativas del cliente.<\/li><li>Prestar los mejores servicios de mercadeo, venta y postventa.<\/li><li>Desarrollar al recurso humano, ya que es nuestro activo m\u00e1s valioso.<\/li><li>Promover el trabajo en equipo y el liderazgo como bases<br \/>fundamentales para el logro de la excelencia.<\/li><li>Reafirmar y proyectaruna aut\u00e9ntica imagen de \u00e9ticay respeto, hacia<br \/>nuestros clientes internos, externos y hacia la sociedad en general.<\/li><li>Mejorar continuamente nuestros procesos, manteniendo una relaci\u00f3n<br \/>costo\u2013beneficio y confiabilidad en nuestros productos.<\/li><\/ul>                    <\/div>\n\t\t        \n                    <div id=\"poltica-de-la-calidad-tab\" class=\"clearfix eael-tab-content-item inactive\" data-title-link=\"poltica-de-la-calidad-tab\">\n\t\t\t\t        <p style=\"text-align: center;\">Zootek, C.A. est\u00e1 comprometida a obtener la satisfacci\u00f3n de sus clientes, al desarrollar, elaborar y comercializar medicinas, aditivos y materias primas, para el sector nutrici\u00f3n animal, cumpliendo con los requisitos exigidos, mejorando continuamente la eficacia del sistema de gesti\u00f3n de la calidad, respondiendo r\u00e1pidamente, formando al personal, trabajando en equipo, manteniendo una relaci\u00f3n de \u00e9ticay respeto con los clientes y la sociedad en general.<\/p>                    <\/div>\n\t\t        \n                    <div id=\"valores-tab\" class=\"clearfix eael-tab-content-item inactive\" data-title-link=\"valores-tab\">\n\t\t\t\t        <p>COMPROMISO en servir al sector agroindustrial y salud animal.<\/p><p>INTEGRIDAD en asistir t\u00e9cnicamente a nuestros clientes.<\/p><p>CALIDAD para alcanzar el \u00e9xito.<\/p><p>LIDERAZGO para asumir responsabilidades sociales y econ\u00f3micas, enb\u00fasqueda de las mejoras.<\/p><p>\u00a0INNOVACI\u00d3N con resiliencia<\/p>                    <\/div>\n\t\t        \n                    <div id=\"poltica-de-ssl-tab\" class=\"clearfix eael-tab-content-item inactive\" data-title-link=\"poltica-de-ssl-tab\">\n\t\t\t\t        <p style=\"text-align: center;\">Zootek, C.A. elabora, distribuye y comercializa medicinas veterinarias, aditivos no nutritivos y materias primas para el sector de salud y nutrici\u00f3n animal, proporcionando un ambiente de trabajo seguro e higi\u00e9nico a todos sus empleados y visitantes, estableciendo objetivos en conjunto y cumpliendo las normas y leyes que lo rigen, enfocados en la mejora continua mediante la capacitaci\u00f3n del personal, que conlleven a mantener un clima laboral c\u00f3nsono a la felicidad y bienestar com\u00fan.<\/p>                    <\/div>\n\t\t                    <\/div>\n        <\/div>\n\t\t<\/div>\n\t\t\t\t<\/div>\n\t\t\t\t\t<\/div>\n\t\t<\/div>\n\t\t\t\t\t<\/div>\n\t\t<\/section>\n\t\t\t\t<section class=\"elementor-section elementor-top-section elementor-element elementor-element-ce72db0 elementor-section-boxed elementor-section-height-default elementor-section-height-default\" data-id=\"ce72db0\" data-element_type=\"section\">\n\t\t\t\t\t\t<div class=\"elementor-container elementor-column-gap-default\">\n\t\t\t\t\t<div class=\"elementor-column elementor-col-33 elementor-top-column elementor-element elementor-element-e20f664\" data-id=\"e20f664\" data-element_type=\"column\">\n\t\t\t<div class=\"elementor-widget-wrap\">\n\t\t\t\t\t\t\t<\/div>\n\t\t<\/div>\n\t\t\t\t<div class=\"elementor-column elementor-col-33 elementor-top-column elementor-element elementor-element-4fc44be\" data-id=\"4fc44be\" data-element_type=\"column\">\n\t\t\t<div class=\"elementor-widget-wrap\">\n\t\t\t\t\t\t\t<\/div>\n\t\t<\/div>\n\t\t\t\t<div class=\"elementor-column elementor-col-33 elementor-top-column elementor-element elementor-element-5683aea\" data-id=\"5683aea\" data-element_type=\"column\">\n\t\t\t<div class=\"elementor-widget-wrap elementor-element-populated\">\n\t\t\t\t\t\t<div class=\"elementor-element elementor-element-657443a elementor-widget elementor-widget-text-editor\" data-id=\"657443a\" data-element_type=\"widget\" data-widget_type=\"text-editor.default\">\n\t\t\t\t<div class=\"elementor-widget-container\">\n\t\t\t<style>\/*! elementor - v3.23.0 - 15-07-2024 *\/\n.elementor-widget-text-editor.elementor-drop-cap-view-stacked .elementor-drop-cap{background-color:#69727d;color:#fff}.elementor-widget-text-editor.elementor-drop-cap-view-framed .elementor-drop-cap{color:#69727d;border:3px solid;background-color:transparent}.elementor-widget-text-editor:not(.elementor-drop-cap-view-default) .elementor-drop-cap{margin-top:8px}.elementor-widget-text-editor:not(.elementor-drop-cap-view-default) .elementor-drop-cap-letter{width:1em;height:1em}.elementor-widget-text-editor .elementor-drop-cap{float:left;text-align:center;line-height:1;font-size:50px}.elementor-widget-text-editor .elementor-drop-cap-letter{display:inline-block}<\/style>\t\t\t\t<p style=\"text-align: right;\">M. V. Luis G. Melo I.<br \/>Gerente General<br \/>12\/03\/2022<br \/>Rev. 2<\/p>\t\t\t\t\t\t<\/div>\n\t\t\t\t<\/div>\n\t\t\t\t\t<\/div>\n\t\t<\/div>\n\t\t\t\t\t<\/div>\n\t\t<\/section>\n\t\t\t\t<\/div>\n\t\t","protected":false},"excerpt":{"rendered":"<p>FILOSOF\u00cdA ORGANIZATIVA Misi\u00f3n Visi\u00f3n Objetivos de la Calidad Pol\u00edtica de la Calidad Valores Pol\u00edtica de SSL Desarrollar, elaborar y comercializar aditivos, materias primas y medicinas de alta calidad, destinados a mejorar la salud de losanimales dom\u00e9sticos. Con un personal altamente motivado al logro, utilizandoinsumos y materias primas de calidad, presentando al mercado productos veterinarios confiables, [&hellip;]<\/p>\n","protected":false},"author":1,"featured_media":0,"parent":0,"menu_order":0,"comment_status":"closed","ping_status":"closed","template":"elementor_header_footer","meta":{"footnotes":""},"class_list":["post-125","page","type-page","status-publish","hentry"],"yoast_head":"<!-- This site is optimized with the Yoast SEO plugin v25.0 - https:\/\/yoast.com\/wordpress\/plugins\/seo\/ -->\n<title>About us - Zootek<\/title>\n<meta name=\"robots\" content=\"index, follow, max-snippet:-1, max-image-preview:large, max-video-preview:-1\" \/>\n<link rel=\"canonical\" href=\"https:\/\/quimicoszootek.com\/?page_id=125\" \/>\n<meta property=\"og:locale\" content=\"en_US\" \/>\n<meta property=\"og:type\" content=\"article\" \/>\n<meta property=\"og:title\" content=\"About us - Zootek\" \/>\n<meta property=\"og:description\" content=\"FILOSOF\u00cdA ORGANIZATIVA Misi\u00f3n Visi\u00f3n Objetivos de la Calidad Pol\u00edtica de la Calidad Valores Pol\u00edtica de SSL Desarrollar, elaborar y comercializar aditivos, materias primas y medicinas de alta calidad, destinados a mejorar la salud de losanimales dom\u00e9sticos. Con un personal altamente motivado al logro, utilizandoinsumos y materias primas de calidad, presentando al mercado productos veterinarios confiables, [&hellip;]\" \/>\n<meta property=\"og:url\" content=\"https:\/\/quimicoszootek.com\/?page_id=125\" \/>\n<meta property=\"og:site_name\" content=\"Zootek\" \/>\n<meta property=\"article:modified_time\" content=\"2025-08-13T19:21:55+00:00\" \/>\n<meta property=\"og:image\" content=\"http:\/\/quimicoszootek.com\/wp-content\/uploads\/2025\/01\/Asset-1.png\" \/>\n<meta name=\"twitter:card\" content=\"summary_large_image\" \/>\n<meta name=\"twitter:label1\" content=\"Est. reading time\" \/>\n\t<meta name=\"twitter:data1\" content=\"2 minutes\" \/>\n<script type=\"application\/ld+json\" class=\"yoast-schema-graph\">{\"@context\":\"https:\/\/schema.org\",\"@graph\":[{\"@type\":\"WebPage\",\"@id\":\"https:\/\/quimicoszootek.com\/?page_id=125\",\"url\":\"https:\/\/quimicoszootek.com\/?page_id=125\",\"name\":\"About us - Zootek\",\"isPartOf\":{\"@id\":\"https:\/\/quimicoszootek.com\/#website\"},\"primaryImageOfPage\":{\"@id\":\"https:\/\/quimicoszootek.com\/?page_id=125#primaryimage\"},\"image\":{\"@id\":\"https:\/\/quimicoszootek.com\/?page_id=125#primaryimage\"},\"thumbnailUrl\":\"http:\/\/quimicoszootek.com\/wp-content\/uploads\/2025\/01\/Asset-1.png\",\"datePublished\":\"2025-01-16T14:48:30+00:00\",\"dateModified\":\"2025-08-13T19:21:55+00:00\",\"breadcrumb\":{\"@id\":\"https:\/\/quimicoszootek.com\/?page_id=125#breadcrumb\"},\"inLanguage\":\"en-US\",\"potentialAction\":[{\"@type\":\"ReadAction\",\"target\":[\"https:\/\/quimicoszootek.com\/?page_id=125\"]}]},{\"@type\":\"ImageObject\",\"inLanguage\":\"en-US\",\"@id\":\"https:\/\/quimicoszootek.com\/?page_id=125#primaryimage\",\"url\":\"https:\/\/quimicoszootek.com\/wp-content\/uploads\/2025\/01\/Asset-1.png\",\"contentUrl\":\"https:\/\/quimicoszootek.com\/wp-content\/uploads\/2025\/01\/Asset-1.png\",\"width\":959,\"height\":259},{\"@type\":\"BreadcrumbList\",\"@id\":\"https:\/\/quimicoszootek.com\/?page_id=125#breadcrumb\",\"itemListElement\":[{\"@type\":\"ListItem\",\"position\":1,\"name\":\"Home\",\"item\":\"https:\/\/quimicoszootek.com\/\"},{\"@type\":\"ListItem\",\"position\":2,\"name\":\"About us\"}]},{\"@type\":\"WebSite\",\"@id\":\"https:\/\/quimicoszootek.com\/#website\",\"url\":\"https:\/\/quimicoszootek.com\/\",\"name\":\"Zootek\",\"description\":\"Nutrici\u00f3n Animal\",\"publisher\":{\"@id\":\"https:\/\/quimicoszootek.com\/#organization\"},\"potentialAction\":[{\"@type\":\"SearchAction\",\"target\":{\"@type\":\"EntryPoint\",\"urlTemplate\":\"https:\/\/quimicoszootek.com\/?s={search_term_string}\"},\"query-input\":{\"@type\":\"PropertyValueSpecification\",\"valueRequired\":true,\"valueName\":\"search_term_string\"}}],\"inLanguage\":\"en-US\"},{\"@type\":\"Organization\",\"@id\":\"https:\/\/quimicoszootek.com\/#organization\",\"name\":\"Zootek\",\"url\":\"https:\/\/quimicoszootek.com\/\",\"logo\":{\"@type\":\"ImageObject\",\"inLanguage\":\"en-US\",\"@id\":\"https:\/\/quimicoszootek.com\/#\/schema\/logo\/image\/\",\"url\":\"https:\/\/quimicoszootek.com\/wp-content\/uploads\/2025\/01\/cropped-zootek-logo-blanco.png\",\"contentUrl\":\"https:\/\/quimicoszootek.com\/wp-content\/uploads\/2025\/01\/cropped-zootek-logo-blanco.png\",\"width\":3992,\"height\":1073,\"caption\":\"Zootek\"},\"image\":{\"@id\":\"https:\/\/quimicoszootek.com\/#\/schema\/logo\/image\/\"}}]}<\/script>\n<!-- \/ Yoast SEO plugin. -->","yoast_head_json":{"title":"About us - Zootek","robots":{"index":"index","follow":"follow","max-snippet":"max-snippet:-1","max-image-preview":"max-image-preview:large","max-video-preview":"max-video-preview:-1"},"canonical":"https:\/\/quimicoszootek.com\/?page_id=125","og_locale":"en_US","og_type":"article","og_title":"About us - Zootek","og_description":"FILOSOF\u00cdA ORGANIZATIVA Misi\u00f3n Visi\u00f3n Objetivos de la Calidad Pol\u00edtica de la Calidad Valores Pol\u00edtica de SSL Desarrollar, elaborar y comercializar aditivos, materias primas y medicinas de alta calidad, destinados a mejorar la salud de losanimales dom\u00e9sticos. Con un personal altamente motivado al logro, utilizandoinsumos y materias primas de calidad, presentando al mercado productos veterinarios confiables, [&hellip;]","og_url":"https:\/\/quimicoszootek.com\/?page_id=125","og_site_name":"Zootek","article_modified_time":"2025-08-13T19:21:55+00:00","og_image":[{"url":"http:\/\/quimicoszootek.com\/wp-content\/uploads\/2025\/01\/Asset-1.png","type":"","width":"","height":""}],"twitter_card":"summary_large_image","twitter_misc":{"Est. reading time":"2 minutes"},"schema":{"@context":"https:\/\/schema.org","@graph":[{"@type":"WebPage","@id":"https:\/\/quimicoszootek.com\/?page_id=125","url":"https:\/\/quimicoszootek.com\/?page_id=125","name":"About us - Zootek","isPartOf":{"@id":"https:\/\/quimicoszootek.com\/#website"},"primaryImageOfPage":{"@id":"https:\/\/quimicoszootek.com\/?page_id=125#primaryimage"},"image":{"@id":"https:\/\/quimicoszootek.com\/?page_id=125#primaryimage"},"thumbnailUrl":"http:\/\/quimicoszootek.com\/wp-content\/uploads\/2025\/01\/Asset-1.png","datePublished":"2025-01-16T14:48:30+00:00","dateModified":"2025-08-13T19:21:55+00:00","breadcrumb":{"@id":"https:\/\/quimicoszootek.com\/?page_id=125#breadcrumb"},"inLanguage":"en-US","potentialAction":[{"@type":"ReadAction","target":["https:\/\/quimicoszootek.com\/?page_id=125"]}]},{"@type":"ImageObject","inLanguage":"en-US","@id":"https:\/\/quimicoszootek.com\/?page_id=125#primaryimage","url":"https:\/\/quimicoszootek.com\/wp-content\/uploads\/2025\/01\/Asset-1.png","contentUrl":"https:\/\/quimicoszootek.com\/wp-content\/uploads\/2025\/01\/Asset-1.png","width":959,"height":259},{"@type":"BreadcrumbList","@id":"https:\/\/quimicoszootek.com\/?page_id=125#breadcrumb","itemListElement":[{"@type":"ListItem","position":1,"name":"Home","item":"https:\/\/quimicoszootek.com\/"},{"@type":"ListItem","position":2,"name":"About us"}]},{"@type":"WebSite","@id":"https:\/\/quimicoszootek.com\/#website","url":"https:\/\/quimicoszootek.com\/","name":"Zootek","description":"Nutrici\u00f3n Animal","publisher":{"@id":"https:\/\/quimicoszootek.com\/#organization"},"potentialAction":[{"@type":"SearchAction","target":{"@type":"EntryPoint","urlTemplate":"https:\/\/quimicoszootek.com\/?s={search_term_string}"},"query-input":{"@type":"PropertyValueSpecification","valueRequired":true,"valueName":"search_term_string"}}],"inLanguage":"en-US"},{"@type":"Organization","@id":"https:\/\/quimicoszootek.com\/#organization","name":"Zootek","url":"https:\/\/quimicoszootek.com\/","logo":{"@type":"ImageObject","inLanguage":"en-US","@id":"https:\/\/quimicoszootek.com\/#\/schema\/logo\/image\/","url":"https:\/\/quimicoszootek.com\/wp-content\/uploads\/2025\/01\/cropped-zootek-logo-blanco.png","contentUrl":"https:\/\/quimicoszootek.com\/wp-content\/uploads\/2025\/01\/cropped-zootek-logo-blanco.png","width":3992,"height":1073,"caption":"Zootek"},"image":{"@id":"https:\/\/quimicoszootek.com\/#\/schema\/logo\/image\/"}}]}},"_links":{"self":[{"href":"https:\/\/quimicoszootek.com\/index.php?rest_route=\/wp\/v2\/pages\/125","targetHints":{"allow":["GET"]}}],"collection":[{"href":"https:\/\/quimicoszootek.com\/index.php?rest_route=\/wp\/v2\/pages"}],"about":[{"href":"https:\/\/quimicoszootek.com\/index.php?rest_route=\/wp\/v2\/types\/page"}],"author":[{"embeddable":true,"href":"https:\/\/quimicoszootek.com\/index.php?rest_route=\/wp\/v2\/users\/1"}],"replies":[{"embeddable":true,"href":"https:\/\/quimicoszootek.com\/index.php?rest_route=%2Fwp%2Fv2%2Fcomments&post=125"}],"version-history":[{"count":130,"href":"https:\/\/quimicoszootek.com\/index.php?rest_route=\/wp\/v2\/pages\/125\/revisions"}],"predecessor-version":[{"id":913,"href":"https:\/\/quimicoszootek.com\/index.php?rest_route=\/wp\/v2\/pages\/125\/revisions\/913"}],"wp:attachment":[{"href":"https:\/\/quimicoszootek.com\/index.php?rest_route=%2Fwp%2Fv2%2Fmedia&parent=125"}],"curies":[{"name":"wp","href":"https:\/\/api.w.org\/{rel}","templated":true}]}}